{"id":582,"date":"2022-08-01T09:30:20","date_gmt":"2022-08-01T14:30:20","guid":{"rendered":"https:\/\/www.industriasurco.com.pe\/catalogo\/?post_type=product&#038;p=582"},"modified":"2026-02-16T12:39:14","modified_gmt":"2026-02-16T17:39:14","slug":"cocina-3-hornillas-de-alta-presion","status":"publish","type":"product","link":"https:\/\/www.industriasurco.com.pe\/catalogo\/producto\/cocina-3-hornillas-de-alta-presion\/","title":{"rendered":"Cocina 3 Hornillas de Alta Presi\u00f3n"},"content":{"rendered":"<p>Optimiza tu negocio con la nueva cocina de alta presi\u00f3n Surco. Dise\u00f1ada para cocinar tus platillos m\u00e1s r\u00e1pido, conservando todo el sabor y los nutrientes de los alimentos. Ideal para restaurantes y comedores que necesitan producir en volumen sin sacrificar la calidad. \u00a1Haz que tu servicio sea m\u00e1s r\u00e1pido y eficiente!<\/p>\n<p><img loading=\"lazy\" decoding=\"async\" class=\"alignnone wp-image-583\" src=\"https:\/\/i0.wp.com\/www.industriasurco.com.pe\/catalogo\/wp-content\/uploads\/2022\/08\/cocina-3hornillasalta.jpg?resize=823%2C617\" alt=\"\" width=\"823\" height=\"617\" srcset=\"https:\/\/i0.wp.com\/www.industriasurco.com.pe\/catalogo\/wp-content\/uploads\/2022\/08\/cocina-3hornillasalta.jpg?w=1890&amp;ssl=1 1890w, https:\/\/i0.wp.com\/www.industriasurco.com.pe\/catalogo\/wp-content\/uploads\/2022\/08\/cocina-3hornillasalta.jpg?resize=200%2C150&amp;ssl=1 200w, https:\/\/i0.wp.com\/www.industriasurco.com.pe\/catalogo\/wp-content\/uploads\/2022\/08\/cocina-3hornillasalta.jpg?resize=300%2C225&amp;ssl=1 300w, https:\/\/i0.wp.com\/www.industriasurco.com.pe\/catalogo\/wp-content\/uploads\/2022\/08\/cocina-3hornillasalta.jpg?resize=1024%2C768&amp;ssl=1 1024w, https:\/\/i0.wp.com\/www.industriasurco.com.pe\/catalogo\/wp-content\/uploads\/2022\/08\/cocina-3hornillasalta.jpg?resize=768%2C576&amp;ssl=1 768w, https:\/\/i0.wp.com\/www.industriasurco.com.pe\/catalogo\/wp-content\/uploads\/2022\/08\/cocina-3hornillasalta.jpg?resize=1536%2C1152&amp;ssl=1 1536w, https:\/\/i0.wp.com\/www.industriasurco.com.pe\/catalogo\/wp-content\/uploads\/2022\/08\/cocina-3hornillasalta.jpg?resize=1320%2C990&amp;ssl=1 1320w, https:\/\/i0.wp.com\/www.industriasurco.com.pe\/catalogo\/wp-content\/uploads\/2022\/08\/cocina-3hornillasalta.jpg?resize=450%2C337&amp;ssl=1 450w\" sizes=\"auto, (max-width: 823px) 100vw, 823px\" data-recalc-dims=\"1\" \/><\/p>\n","protected":false},"excerpt":{"rendered":"<ul>\n<li>Fabricado en su totalidad metal pintado.<\/li>\n<li>Dimensiones: 1550 x 540 x 600 mm<\/li>\n<li>Patas de \u00e1ngulo.<\/li>\n<li>2 bandejas receptoras.<\/li>\n<li>Parrillas de fierro.<\/li>\n<li>3 quemadores.<\/li>\n<\/ul>\n","protected":false},"featured_media":583,"comment_status":"open","ping_status":"closed","template":"","meta":{"advanced_seo_description":"","jetpack_seo_html_title":"","jetpack_seo_noindex":false},"product_cat":[18],"product_tag":[41],"class_list":{"0":"post-582","1":"product","2":"type-product","3":"status-publish","4":"has-post-thumbnail","6":"product_cat-equipos-de-gas","7":"product_tag-cocinas","9":"first","10":"instock","11":"shipping-taxable","12":"product-type-simple"},"jetpack_sharing_enabled":true,"_links":{"self":[{"href":"https:\/\/www.industriasurco.com.pe\/catalogo\/wp-json\/wp\/v2\/product\/582","targetHints":{"allow":["GET"]}}],"collection":[{"href":"https:\/\/www.industriasurco.com.pe\/catalogo\/wp-json\/wp\/v2\/product"}],"about":[{"href":"https:\/\/www.industriasurco.com.pe\/catalogo\/wp-json\/wp\/v2\/types\/product"}],"replies":[{"embeddable":true,"href":"https:\/\/www.industriasurco.com.pe\/catalogo\/wp-json\/wp\/v2\/comments?post=582"}],"wp:featuredmedia":[{"embeddable":true,"href":"https:\/\/www.industriasurco.com.pe\/catalogo\/wp-json\/wp\/v2\/media\/583"}],"wp:attachment":[{"href":"https:\/\/www.industriasurco.com.pe\/catalogo\/wp-json\/wp\/v2\/media?parent=582"}],"wp:term":[{"taxonomy":"product_cat","embeddable":true,"href":"https:\/\/www.industriasurco.com.pe\/catalogo\/wp-json\/wp\/v2\/product_cat?post=582"},{"taxonomy":"product_tag","embeddable":true,"href":"https:\/\/www.industriasurco.com.pe\/catalogo\/wp-json\/wp\/v2\/product_tag?post=582"}],"curies":[{"name":"wp","href":"https:\/\/api.w.org\/{rel}","templated":true}]}}