{"id":598,"date":"2022-08-08T16:58:28","date_gmt":"2022-08-08T21:58:28","guid":{"rendered":"https:\/\/www.industriasurco.com.pe\/catalogo\/?post_type=product&#038;p=598"},"modified":"2022-08-12T14:40:37","modified_gmt":"2022-08-12T19:40:37","slug":"sarten-volcable-a-gas-con-sistema-glp-gn","status":"publish","type":"product","link":"https:\/\/www.industriasurco.com.pe\/catalogo\/producto\/sarten-volcable-a-gas-con-sistema-glp-gn\/","title":{"rendered":"Sart\u00e9n Volcable a gas con sistema GLP \/ GN"},"content":{"rendered":"<p>Las sartenes Volcable o mejor conocido como, sartenes basculantes forman parte de la familia de sartenes el\u00e9ctricas multifunci\u00f3n para la cocina industrial. A diferencia de las marmitas, con las que est\u00e1n directamente emparentadas, estas m\u00e1quinas <b>pueden ser utilizadas adem\u00e1s como plancha, sart\u00e9n, freidora, cocedero, marmita e, incluso, olla a presi\u00f3n<\/b>.<\/p>\n<p><img loading=\"lazy\" decoding=\"async\" class=\"alignnone wp-image-602\" src=\"https:\/\/i0.wp.com\/www.industriasurco.com.pe\/catalogo\/wp-content\/uploads\/2022\/08\/sartenV-peq.png?resize=509%2C582\" alt=\"\" width=\"509\" height=\"582\" srcset=\"https:\/\/i0.wp.com\/www.industriasurco.com.pe\/catalogo\/wp-content\/uploads\/2022\/08\/sartenV-peq.png?w=1000&amp;ssl=1 1000w, https:\/\/i0.wp.com\/www.industriasurco.com.pe\/catalogo\/wp-content\/uploads\/2022\/08\/sartenV-peq.png?resize=200%2C229&amp;ssl=1 200w, https:\/\/i0.wp.com\/www.industriasurco.com.pe\/catalogo\/wp-content\/uploads\/2022\/08\/sartenV-peq.png?resize=262%2C300&amp;ssl=1 262w, https:\/\/i0.wp.com\/www.industriasurco.com.pe\/catalogo\/wp-content\/uploads\/2022\/08\/sartenV-peq.png?resize=895%2C1024&amp;ssl=1 895w, https:\/\/i0.wp.com\/www.industriasurco.com.pe\/catalogo\/wp-content\/uploads\/2022\/08\/sartenV-peq.png?resize=768%2C879&amp;ssl=1 768w, https:\/\/i0.wp.com\/www.industriasurco.com.pe\/catalogo\/wp-content\/uploads\/2022\/08\/sartenV-peq.png?resize=450%2C515&amp;ssl=1 450w\" sizes=\"auto, (max-width: 509px) 100vw, 509px\" data-recalc-dims=\"1\" \/><\/p>\n<p>&nbsp;<\/p>\n","protected":false},"excerpt":{"rendered":"<p>Marca: Surco<\/p>\n<p>&#8211; Modelo: SV-100<br \/>\n&#8211; Procedencia: Per\u00fa (nacional)<br \/>\n&#8211; A\u00f1o de Fabricaci\u00f3n: 2022<br \/>\n&#8211; Acero Inoxidable 304<br \/>\n&#8211; Medidas: L-1660mm x A-850mm x Alto 1100mm<br \/>\n&#8211; Excelente Cocci\u00f3n<br \/>\n&#8211; Encendido por chispero<br \/>\n&#8211; Inclinaci\u00f3n manual<br \/>\n&#8211; Olla de acero inoxidable 304<br \/>\n&#8211; Quemadores: 02 de hierro fundido<br \/>\n&#8211; Capacidades de 120 litros y 160 litros<\/p>\n","protected":false},"featured_media":602,"comment_status":"open","ping_status":"closed","template":"","meta":{"advanced_seo_description":"","jetpack_seo_html_title":"","jetpack_seo_noindex":false},"product_cat":[43],"product_tag":[42,50,52,51],"class_list":{"0":"post-598","1":"product","2":"type-product","3":"status-publish","4":"has-post-thumbnail","6":"product_cat-marmitas","7":"product_tag-marmitas","8":"product_tag-sarten","9":"product_tag-sartenvolcable","10":"product_tag-volcable","12":"first","13":"instock","14":"shipping-taxable","15":"product-type-simple"},"jetpack_sharing_enabled":true,"_links":{"self":[{"href":"https:\/\/www.industriasurco.com.pe\/catalogo\/wp-json\/wp\/v2\/product\/598","targetHints":{"allow":["GET"]}}],"collection":[{"href":"https:\/\/www.industriasurco.com.pe\/catalogo\/wp-json\/wp\/v2\/product"}],"about":[{"href":"https:\/\/www.industriasurco.com.pe\/catalogo\/wp-json\/wp\/v2\/types\/product"}],"replies":[{"embeddable":true,"href":"https:\/\/www.industriasurco.com.pe\/catalogo\/wp-json\/wp\/v2\/comments?post=598"}],"wp:featuredmedia":[{"embeddable":true,"href":"https:\/\/www.industriasurco.com.pe\/catalogo\/wp-json\/wp\/v2\/media\/602"}],"wp:attachment":[{"href":"https:\/\/www.industriasurco.com.pe\/catalogo\/wp-json\/wp\/v2\/media?parent=598"}],"wp:term":[{"taxonomy":"product_cat","embeddable":true,"href":"https:\/\/www.industriasurco.com.pe\/catalogo\/wp-json\/wp\/v2\/product_cat?post=598"},{"taxonomy":"product_tag","embeddable":true,"href":"https:\/\/www.industriasurco.com.pe\/catalogo\/wp-json\/wp\/v2\/product_tag?post=598"}],"curies":[{"name":"wp","href":"https:\/\/api.w.org\/{rel}","templated":true}]}}